{"id":15,"date":"2019-03-03T21:25:14","date_gmt":"2019-03-03T20:25:14","guid":{"rendered":"http:\/\/carloo.be\/?page_id=15"},"modified":"2026-03-10T17:40:53","modified_gmt":"2026-03-10T16:40:53","slug":"presentation","status":"publish","type":"page","link":"https:\/\/carloo.be\/index.php\/presentation\/","title":{"rendered":"Pr\u00e9sentation"},"content":{"rendered":"<div class=\"wp-block-image\">\n<figure class=\"alignleft\"><img decoding=\"async\" loading=\"lazy\" width=\"1024\" height=\"232\" src=\"http:\/\/carloo.be\/wp-content\/uploads\/2019\/07\/Carloo-Cantores-banniere-5-2019-1024x232.jpg\" alt=\"\" class=\"wp-image-127\" srcset=\"https:\/\/carloo.be\/wp-content\/uploads\/2019\/07\/Carloo-Cantores-banniere-5-2019-1024x232.jpg 1024w, https:\/\/carloo.be\/wp-content\/uploads\/2019\/07\/Carloo-Cantores-banniere-5-2019-300x68.jpg 300w, https:\/\/carloo.be\/wp-content\/uploads\/2019\/07\/Carloo-Cantores-banniere-5-2019-768x174.jpg 768w, https:\/\/carloo.be\/wp-content\/uploads\/2019\/07\/Carloo-Cantores-banniere-5-2019.jpg 1441w\" sizes=\"(max-width: 1024px) 100vw, 1024px\" \/><\/figure><\/div>\n\n\n<p><\/p>\n\n\n\n<p>La chorale mixte <em><strong>Carloo Cantores<\/strong><\/em> a \u00e9t\u00e9 fond\u00e9e \u00e0 Uccle (Carloo Saint-Job), paroisse uccloise, en septembre 1986 par <strong>Pierre Schwickerath<\/strong>, jeune \u00e9tudiant en Musicologie \u00e0 Bruxelles.<\/p>\n\n\n\n<p>En 1994, il fut rappel\u00e9 dans son pays pour des raisons professionnelles.<\/p>\n\n\n\n<p><strong><a href=\"http:\/\/carloo.be\/index.php\/2019\/03\/10\/bernard-hanappe\/\">Bernard Hanappe<\/a><\/strong>, chaisier de profession, a alors pris la direction des <em><strong>Carloo Cantores<\/strong><\/em> en f\u00e9vrier 1995. Passionn\u00e9 de musique, tr\u00e8s attir\u00e9 par la direction, il a men\u00e9 avec enthousiasme ce groupe de choristes amateurs \u00e0 travers le monde de la musique chorale, avec une pr\u00e9f\u00e9rence pour la musique baroque sacr\u00e9e. <\/p>\n\n\n\n<p>R\u00e9guli\u00e8rement, des concerts sont organis\u00e9s en Belgique ou \u00e0 l&rsquo;\u00e9tranger. C&rsquo;est ainsi que <strong><em>Carloo Cantores<\/em><\/strong> s&rsquo;est produit au Grand-Duch\u00e9 de Luxembourg, en France (Bougival, Le V\u00e9sinet, Troyes), en Italie (Festival du Lac de Guarda), en Autriche (Festival de No\u00ebl de Vienne).<\/p>\n\n\n\n<p><strong>Depuis son dernier concert \u00e0 Louvain la Neuve en septembre 2020, Carloo Cantores avait suspendu ses activit\u00e9s.<\/strong><\/p>\n\n\n\n<p><strong>Qu\u2019\u00e0 cela ne tienne !<\/strong> Le nouveau programme est en pr\u00e9paration et le chef de ch\u0153ur, <strong><a href=\"http:\/\/carloo.be\/index.php\/2019\/06\/22\/marianne-fleurus\/\">Marianne Fleurus<\/a><\/strong>, se r\u00e9jouit d\u00e9j\u00e0 de le proposer \u00e0 ses choristes.<br><strong><em>Marianne Fleurus ?<\/em><\/strong> Mais oui, Bernard Hanappe a d\u00e9cid\u00e9 de cesser ses activit\u00e9s de chef de ch\u0153ur chez Carloo Cantores qu\u2019il assumait avec joie depuis 1995. Tourn\u00e9 vers d\u2019autres horizons, il passe la baguette avec confiance \u00e0 Marianne, pr\u00e9c\u00e9demment choriste dans le ch\u0153ur, titulaire de l\u2019orgue de Saint Job (Uccle), pr\u00e9sidente d\u2019Organum Novum. Son r\u00e9pertoire favori est le chant de la Renaissance et l&rsquo;\u00e9poque baroque.<\/p>\n\n\n\n<p>D\u00e9j\u00e0, depuis d\u00e9but ao\u00fbt, les r\u00e9p\u00e9titions ont repris de fa\u00e7on un peu informelle avec les choristes avides de se retrouver pour chanter. Certains sont encore en vacances, profitant probablement de l&rsquo;assouplissement des conditions sanitaires. Mais d\u00e8s d\u00e9but septembre, les activit\u00e9s reprennent de fa\u00e7on s\u00e9rieuse et r\u00e9guli\u00e8re. <\/p>\n\n\n\n<figure class=\"wp-block-image\"><img decoding=\"async\" loading=\"lazy\" width=\"1024\" height=\"524\" src=\"http:\/\/carloo.be\/wp-content\/uploads\/2022\/03\/Rejoignez-nous-1024x524.jpg\" alt=\"\" class=\"wp-image-278\"\/><\/figure>\n\n\n\n<p class=\"has-medium-font-size\"><strong><em>Le groupe est d\u00e9sireux de s\u2019agrandir et de renforcer les 4 pupitres.<\/em><\/strong><\/p>\n\n\n\n<p class=\"has-medium-font-size\"><strong><em> Int\u00e9ress\u00e9(e)(s) ?\ufeff<\/em><\/strong><\/p>\n\n\n\n<p> Une exp\u00e9rience en chorale mixte est pr\u00e9f\u00e9rable.<br> <strong>Contact : <\/strong>Marianne Fleurus : 0497\/884255 ou marianne.fleurus@gmail.com<br>                   Jacqueline de Cumont : jac.decumont@gmail.com<\/p>\n\n\n\n<p>Aujourd&rsquo;hui le ch\u0153ur compte 30 choristes, r\u00e9partis en 4 pupitres. <\/p>\n\n\n\n<p><strong>Lieu de r\u00e9p\u00e9tition<\/strong>: Chapelle de l&rsquo;Eglise Saint-Job, Place Saint-Job, 1180 Uccle.<\/p>\n\n\n\n<p>Les <strong>r\u00e9p\u00e9titions<\/strong> se d\u00e9roulent tous les mercredis (sauf vacances scolaires) de 20h15 \u00e0 22h00.<\/p>\n\n\n\n<p><strong>Acc\u00e8s<\/strong>: transport en commun STIB (bus 60, 37, tram 92), SNCB (gare de Saint-Job ou du Vivier d&rsquo;Oie &#8211; Uccle).<\/p>\n\n\n\n<p><strong>Parking<\/strong> relativement ais\u00e9.<br><\/p>\n\n\n\n<p><strong>Comit\u00e9: <\/strong><\/p>\n\n\n\n<p>Chefs de c\u0153ur : <a href=\"http:\/\/carloo.be\/index.php\/2019\/06\/22\/marianne-fleurus\/\">Marianne Fleurus<\/a><\/p>\n\n\n\n<p>Pr\u00e9sidente : Jacqueline de Cumont<\/p>\n\n\n\n<p>Tr\u00e9sori\u00e8re : Fabienne Heyden<\/p>\n\n\n\n<p>Secr\u00e9taire : Antoinette de Brier  <\/p>\n\n\n\n<figure class=\"wp-block-image\"><img decoding=\"async\" loading=\"lazy\" width=\"1024\" height=\"768\" src=\"http:\/\/carloo.be\/wp-content\/uploads\/2019\/06\/carloo-chorale-uccle-photo-groupe-1024x768.jpg\" alt=\"\" class=\"wp-image-52\" srcset=\"https:\/\/carloo.be\/wp-content\/uploads\/2019\/06\/carloo-chorale-uccle-photo-groupe-1024x768.jpg 1024w, https:\/\/carloo.be\/wp-content\/uploads\/2019\/06\/carloo-chorale-uccle-photo-groupe-300x225.jpg 300w, https:\/\/carloo.be\/wp-content\/uploads\/2019\/06\/carloo-chorale-uccle-photo-groupe-768x576.jpg 768w, https:\/\/carloo.be\/wp-content\/uploads\/2019\/06\/carloo-chorale-uccle-photo-groupe-272x204.jpg 272w\" sizes=\"(max-width: 1024px) 100vw, 1024px\" \/><figcaption class=\"wp-element-caption\">Carloo Cantores<\/figcaption><\/figure>\n","protected":false},"excerpt":{"rendered":"<p>La chorale mixte Carloo Cantores a \u00e9t\u00e9 fond\u00e9e \u00e0 Uccle (Carloo Saint-Job), paroisse uccloise, en septembre 1986 par Pierre Schwickerath, jeune \u00e9tudiant en Musicologie \u00e0 Bruxelles. En 1994, il fut rappel\u00e9 dans son pays pour des raisons professionnelles. Bernard Hanappe, chaisier de profession, a alors pris la direction des Carloo Cantores en f\u00e9vrier 1995. Passionn\u00e9 [&hellip;]<\/p>\n","protected":false},"author":2,"featured_media":0,"parent":0,"menu_order":1,"comment_status":"closed","ping_status":"closed","template":"","meta":[],"_links":{"self":[{"href":"https:\/\/carloo.be\/index.php\/wp-json\/wp\/v2\/pages\/15"}],"collection":[{"href":"https:\/\/carloo.be\/index.php\/wp-json\/wp\/v2\/pages"}],"about":[{"href":"https:\/\/carloo.be\/index.php\/wp-json\/wp\/v2\/types\/page"}],"author":[{"embeddable":true,"href":"https:\/\/carloo.be\/index.php\/wp-json\/wp\/v2\/users\/2"}],"replies":[{"embeddable":true,"href":"https:\/\/carloo.be\/index.php\/wp-json\/wp\/v2\/comments?post=15"}],"version-history":[{"count":23,"href":"https:\/\/carloo.be\/index.php\/wp-json\/wp\/v2\/pages\/15\/revisions"}],"predecessor-version":[{"id":327,"href":"https:\/\/carloo.be\/index.php\/wp-json\/wp\/v2\/pages\/15\/revisions\/327"}],"wp:attachment":[{"href":"https:\/\/carloo.be\/index.php\/wp-json\/wp\/v2\/media?parent=15"}],"curies":[{"name":"wp","href":"https:\/\/api.w.org\/{rel}","templated":true}]}}

Présentation

<div class="wp-block-image">
<figure class="alignleft"><img decoding="async" loading="lazy" width="1024" height="232" src="http://carloo.be/wp-content/uploads/2019/07/Carloo-Cantores-banniere-5-2019-1024x232.jpg" alt="" class="wp-image-127" srcset="https://carloo.be/wp-content/uploads/2019/07/Carloo-Cantores-banniere-5-2019-1024x232.jpg 1024w, https://carloo.be/wp-content/uploads/2019/07/Carloo-Cantores-banniere-5-2019-300x68.jpg 300w, https://carloo.be/wp-content/uploads/2019/07/Carloo-Cantores-banniere-5-2019-768x174.jpg 768w, https://carloo.be/wp-content/uploads/2019/07/Carloo-Cantores-banniere-5-2019.jpg 1441w" sizes="(max-width: 1024px) 100vw, 1024px" /></figure></div>


<p></p>



<p>La chorale mixte <em><strong>Carloo Cantores</strong></em> a été fondée à Uccle (Carloo Saint-Job), paroisse uccloise, en septembre 1986 par <strong>Pierre Schwickerath</strong>, jeune étudiant en Musicologie à Bruxelles.</p>



<p>En 1994, il fut rappelé dans son pays pour des raisons professionnelles.</p>



<p><strong><a href="http://carloo.be/index.php/2019/03/10/bernard-hanappe/">Bernard Hanappe</a></strong>, chaisier de profession, a alors pris la direction des <em><strong>Carloo Cantores</strong></em> en février 1995. Passionné de musique, très attiré par la direction, il a mené avec enthousiasme ce groupe de choristes amateurs à travers le monde de la musique chorale, avec une préférence pour la musique baroque sacrée. </p>



<p>Régulièrement, des concerts sont organisés en Belgique ou à l&rsquo;étranger. C&rsquo;est ainsi que <strong><em>Carloo Cantores</em></strong> s&rsquo;est produit au Grand-Duché de Luxembourg, en France (Bougival, Le Vésinet, Troyes), en Italie (Festival du Lac de Guarda), en Autriche (Festival de Noël de Vienne).</p>



<p><strong>Depuis son dernier concert à Louvain la Neuve en septembre 2020, Carloo Cantores avait suspendu ses activités.</strong></p>



<p><strong>Qu’à cela ne tienne !</strong> Le nouveau programme est en préparation et le chef de chœur, <strong><a href="http://carloo.be/index.php/2019/06/22/marianne-fleurus/">Marianne Fleurus</a></strong>, se réjouit déjà de le proposer à ses choristes.<br><strong><em>Marianne Fleurus ?</em></strong> Mais oui, Bernard Hanappe a décidé de cesser ses activités de chef de chœur chez Carloo Cantores qu’il assumait avec joie depuis 1995. Tourné vers d’autres horizons, il passe la baguette avec confiance à Marianne, précédemment choriste dans le chœur, titulaire de l’orgue de Saint Job (Uccle), présidente d’Organum Novum. Son répertoire favori est le chant de la Renaissance et l&rsquo;époque baroque.</p>



<p>Déjà, depuis début août, les répétitions ont repris de façon un peu informelle avec les choristes avides de se retrouver pour chanter. Certains sont encore en vacances, profitant probablement de l&rsquo;assouplissement des conditions sanitaires. Mais dès début septembre, les activités reprennent de façon sérieuse et régulière. </p>



<figure class="wp-block-image"><img decoding="async" loading="lazy" width="1024" height="524" src="http://carloo.be/wp-content/uploads/2022/03/Rejoignez-nous-1024x524.jpg" alt="" class="wp-image-278"/></figure>



<p class="has-medium-font-size"><strong><em>Le groupe est désireux de s’agrandir et de renforcer les 4 pupitres.</em></strong></p>



<p class="has-medium-font-size"><strong><em> Intéressé(e)(s) ?﻿</em></strong></p>



<p> Une expérience en chorale mixte est préférable.<br> <strong>Contact : </strong>Marianne Fleurus : 0497/884255 ou marianne.fleurus@gmail.com<br>                   Jacqueline de Cumont : jac.decumont@gmail.com</p>



<p>Aujourd&rsquo;hui le chœur compte 30 choristes, répartis en 4 pupitres. </p>



<p><strong>Lieu de répétition</strong>: Chapelle de l&rsquo;Eglise Saint-Job, Place Saint-Job, 1180 Uccle.</p>



<p>Les <strong>répétitions</strong> se déroulent tous les mercredis (sauf vacances scolaires) de 20h15 à 22h00.</p>



<p><strong>Accès</strong>: transport en commun STIB (bus 60, 37, tram 92), SNCB (gare de Saint-Job ou du Vivier d&rsquo;Oie &#8211; Uccle).</p>



<p><strong>Parking</strong> relativement aisé.<br></p>



<p><strong>Comité: </strong></p>



<p>Chefs de cœur : <a href="http://carloo.be/index.php/2019/06/22/marianne-fleurus/">Marianne Fleurus</a></p>



<p>Présidente : Jacqueline de Cumont</p>



<p>Trésorière : Fabienne Heyden</p>



<p>Secrétaire : Antoinette de Brier  </p>



<figure class="wp-block-image"><img decoding="async" loading="lazy" width="1024" height="768" src="http://carloo.be/wp-content/uploads/2019/06/carloo-chorale-uccle-photo-groupe-1024x768.jpg" alt="" class="wp-image-52" srcset="https://carloo.be/wp-content/uploads/2019/06/carloo-chorale-uccle-photo-groupe-1024x768.jpg 1024w, https://carloo.be/wp-content/uploads/2019/06/carloo-chorale-uccle-photo-groupe-300x225.jpg 300w, https://carloo.be/wp-content/uploads/2019/06/carloo-chorale-uccle-photo-groupe-768x576.jpg 768w, https://carloo.be/wp-content/uploads/2019/06/carloo-chorale-uccle-photo-groupe-272x204.jpg 272w" sizes="(max-width: 1024px) 100vw, 1024px" /><figcaption class="wp-element-caption">Carloo Cantores</figcaption></figure>

<p>La chorale mixte Carloo Cantores a été fondée à Uccle (Carloo Saint-Job), paroisse uccloise, en septembre 1986 par Pierre Schwickerath, jeune étudiant en Musicologie à Bruxelles. En 1994, il fut rappelé dans son pays pour des raisons professionnelles. Bernard Hanappe, chaisier de profession, a alors pris la direction des Carloo Cantores en février 1995. Passionné [&hellip;]</p>
